= 3*h**2 + 85*h - 276. Calculate v(-28).
-304
Let t(d) = 427*d + 25198. Give t(-59).
5
Let n(c) = c**2 + 187*c - 6326. Determine n(26).
-788
Let f(u) = 158284*u - 2215988. What is f(14)?
-12
Let k(b) = -5*b + 1036. What is k(154)?
266
Let u(y) = 2*y**2 - 3499*y - 139514. Determine u(-39).
-11
Let d(b) = -653*b**2 - 221*b + 446. Determine d(2).
-2608
Let a(y) = -y**3 - 8*y**2 - 2140*y - 14948. Determine a(-7).
-17
Let m(v) = -v**2 - 1446*v + 159492. Give m(103).
-55
Let b(s) = 4*s**2 - 104*s - 508. What is b(-7)?
416
Let m(i) = 2*i**2 + 2608*i - 177984. Determine m(65).
-14
Let t(h) = -3*h**3 - 7*h**2 - 295*h - 905. Calculate t(-3).
-2
Let b(r) = r**3 - 138*r**2 + 310*r - 23695. Give b(137).
6
Let n(i) = 54*i**3 - 1348*i**2 - 164*i + 2857. Determine n(25).
7
Let n(h) = 167*h - 10951. Give n(64).
-263
Let g(q) = -219*q + 4425. What is g(24)?
-831
Let m(q) = -q**2 - 4588*q - 746855. Give m(-169).
-44
Let a(j) = -5*j**2 - 2368*j - 71893. Calculate a(-441).
-10
Let f(d) = 3*d**2 + 2501*d - 7513. What is f(3)?
17
Let a(o) = -6*o**2 + 44*o - 112. What is a(-9)?
-994
Let q(v) = 47160*v - 518773. Determine q(11).
-13
Let c(m) = 325*m + 12549. Calculate c(-38).
199
Let g(b) = -22*b**2 - 53*b + 269. Give g(-8).
-715
Let y(m) = -75078*m + 4054215. What is y(54)?
3
Let b(p) = 2*p**2 + 129*p + 1755. Determine b(-31).
-322
Let u(f) = -14*f**2 - 1411*f - 730. Give u(-99).
1745
Let k(i) = -189931*i + 759427. Determine k(4).
-297
Let w(c) = -77*c**3 + 2*c**2 + 410*c + 408. What is w(-1)?
77
Let q(k) = -3*k**2 + 46*k - 56. Calculate q(10).
104
Let y(j) = -15951*j - 31787. Give y(-2).
115
Let o(t) = t**3 + 665*t**2 + 62805*t - 1031. What is o(-114)?
-5
Let l(x) = -3*x**3 + 366*x**2 + 2649*x + 7746. Calculate l(129).
6
Let m(r) = -15801*r - 94864. Determine m(-6).
-58
Let n(q) = -18244*q + 1039925. What is n(57)?
17
Let y(n) = -2*n**3 - 163*n**2 + 97*n + 1789. Calculate y(-82).
559
Let n(g) = -g**2 + 93*g + 15. What is n(92)?
107
Let y(j) = 38*j**2 - 78*j - 3. Determine y(1).
-43
Let n(j) = 6*j**2 - 331*j + 2702. Calculate n(10).
-8
Let q(l) = 229*l**3 + 7*l**2 - 26*l + 20. What is q(1)?
230
Let i(h) = -5*h**2 - 12598*h + 101239. Calculate i(8).
135
Let j(r) = -1507*r - 106101. What is j(-70)?
-611
Let b(t) = -172*t**2 + 1941*t - 108. Give b(11).
431
Let t(s) = 3*s**3 - 1501*s**2 + 752*s - 126034. Determine t(500).
-34
Let x(g) = -12*g**3 + 231*g**2 - 50*g - 144. Give x(19).
-11
Let i(c) = 4*c**3 + 14*c**2 + 13923*c + 69572. Calculate i(-5).
-193
Let t(x) = -6*x**3 + 189*x**2 - 567*x + 8. Give t(3).
-154
Let f(c) = -4721*c - 174656. Calculate f(-37).
21
Let t(i) = -i**3 - 14*i**2 - 37646*i - 755327. What is t(-20)?
-7
Let b(r) = -1237*r**2 + 24820*r - 1585. Give b(20).
15
Let b(j) = -5*j**2 - 2273*j + 62457. Calculate b(26).
-21
Let b(j) = 2*j**2 + 285*j + 10509. Determine b(-73).
362
Let z(b) = 66*b - 1581. Determine z(-22).
-3033
Let m(n) = -3*n**2 + 177*n + 10617. Determine m(-37).
-39
Let q(d) = -8*d**2 + 533*d + 564377. Determine q(301).
2
Let g(f) = -736*f - 2930. What is g(-4)?
14
Let v(h) = -h**2 + 10467*h + 157251. Determine v(-15).
21
Let b(w) = 2*w**3 - 35*w**2 - 56*w + 1259. What is b(16)?
-405
Let i(w) = -117*w**2 + 1308*w + 11584. Determine i(17).
7
Let p(r) = 2*r**3 - 87*r**2 - 136*r - 26. What is p(45)?
-71
Let d(p) = -1042*p + 212451. What is d(204)?
-117
Let m(p) = 3*p**3 + 386*p**2 - 122*p + 1061. Give m(-129).
158
Let u(i) = -i**3 + 133*i**2 + 1434*i + 13. Calculate u(-10).
-27
Let a(k) = -29*k - 210. Calculate a(-4).
-94
Let n(o) = 90*o**2 - 47719*o + 189434. Determine n(4).
-2
Let k(c) = 129*c + 90677. What is k(-702)?
119
Let v(d) = -3860*d + 264. Calculate v(0).
264
Let p(m) = 11*m**3 - 149*m**2 - 90*m + 253. Give p(14).
-27
Let i(s) = -s**2 + 25786*s + 1162404. What is i(-45)?
9
Let c(h) = -3616*h + 18097. Calculate c(5).
17
Let n(u) = -u**3 - 12*u**2 + 89*u + 1153. What is n(-12)?
85
Let q(o) = 18984*o + 19458. Give q(-1).
474
Let v(d) = 13172*d + 131741. Give v(-10).
21
Let y(k) = 8*k**2 + 567*k - 5766. Give y(10).
704
Let k(d) = -9*d**3 + 58*d**2 - 189*d - 1. What is k(5)?
-621
Let v(h) = -24*h**2 + 34506*h - 34506. Determine v(1).
-24
Let v(k) = -k**2 - 145949*k - 5982235. Give v(-41).
-7
Let z(l) = 2705*l - 86555. What is z(32)?
5
Let d(o) = 296*o**2 + 2668*o + 198. What is d(-9)?
162
Let n(f) = 1401*f - 36824. What is n(26)?
-398
Let m(x) = 66*x**2 + 137*x - 662. Calculate m(5).
1673
Let m(d) = 14*d**2 - 2056*d - 8253. Determine m(-4).
195
Let l(g) = -g**2 - 120*g + 3815. Calculate l(-141).
854
Let d(p) = -p**2 + 560*p + 14044. Calculate d(-24).
28
Let h(o) = o**2 + 9622*o + 15. What is h(0)?
15
Let x(c) = -49039*c + 2746176. Give x(56).
-8
Let a(r) = -r**3 + 9*r**2 - 113*r + 1254. Determine a(9).
237
Let y(l) = -l**3 + 19*l**2 - 585*l + 13179. Give y(21).
12
Let a(y) = -119*y**3 - 354*y**2 + 23*y + 57. Determine a(-3).
15
Let f(p) = p**3 - 179*p**2 - 729*p - 575. Give f(183).
-26
Let r(c) = 2865*c - 62426. Give r(22).
604
Let s(x) = 409*x + 36002. Calculate s(-88).
10
Let w(z) = -4*z**3 - 47*z**2 + 7588*z + 90907. Determine w(-12).
-5
Let t(b) = 41802*b + 543447. What is t(-13)?
21
Let x(u) = -1525*u - 367530. What is x(-241)?
-5
Let t(x) = 5*x**3 - 70*x**2 + 105*x - 853. Determine t(13).
-333
Let l(c) = 89782*c + 449417. Determine l(-5).
507
Let o(j) = 819*j + 152315. Give o(-186).
-19
Let b(i) = 51577*i + 515776. Determine b(-10).
6
Let p(z) = -237*z**2 + 1263*z - 429. Determine p(5).
-39
Let c(j) = -7107*j + 2032598. Determine c(286).
-4
Let y(j) = 965*j**2 - 56935*j - 20. What is y(59)?
-20
Let r(p) = -4952*p + 4488. What is r(1)?
-464
Let z(t) = t**2 + 3619*t + 419889. What is z(-120)?
9
Let c(s) = 98*s**2 - 1830*s - 5. Determine c(19).
603
Let i(y) = -y**3 + 27*y**2 - 173*y + 7. Determine i(6).
-275
Let p(n) = 220*n - 14702. What is p(67)?
38
Let f(j) = -j**2 - 2011*j + 432567. Give f(196).
-5
Let f(j) = 399*j**2 - 2808*j + 105. Determine f(7).
0
Let u(p) = 7*p**3 + 16*p**2 - 66*p - 79. Determine u(5).
866
Let x(q) = -q**3 + 739*q**2 - 5915*q - 478148. Calculate x(730).
2
Let c(q) = 2067*q - 359537. Determine c(174).
121
Let v(b) = -2*b**2 - 1965*b - 11733. Determine v(-6).
-15
Let f(z) = 17*z**2 + 978*z - 430. Calculate f(-58).
34
Let k(i) = -i**3 - 330*i**2 + 1934*i - 2. What is k(6)?
-494
Let d(l) = -12552*l + 175875. Determine d(14).
147
Let h(v) = 7*v**3 + 1438*v**2 + 639*v + 4861. Calculate h(-205).
-59
Let z(p) = -p**3 + 12*p**2 + 163*p - 1935. Give z(13).
15
Let y(n) = 29142*n - 6498673. Give y(223).
-7
Let l(c) = -390*c - 50007. Calculate l(-128).
-87
Let r(m) = -2*m**2 - 862*m + 90956. Determine r(89).
-1604
Let q(p) = -63*p**2 + 31*p + 119. Give q(-5).
-1611
Let s(o) = 2*o**2 + 1232*o + 21526. Give s(-18).
-2
Let u(x) = 14*x**3 + 1024*x**2 + 154*x + 590. Give u(-73).
6
Let c(r) = r**2 + 39*r - 494. Give c(12).
118
Let m(y) = -2*y**3 + 4*y**2 - 51*y + 142. What is m(4)?
-126
Let l(w) = -6*w**2 + 187*w + 3885. Determine l(45).
150
Let i(d) = 1021*d - 124574. What is i(122)?
-12
Let j(d) = 406*d**3 + 3*d**2 - 12*d - 16. Give j(-1).
-407
Let w(s) = 4*s**3 + 1777*s**2 - 1387*s - 23113. What is w(-445)?
27
Let p(w) = 42*w - 242. Give p(25).
808
Let z(t) = 402*t**2 - 238*t + 3. Calculate z(2).
1135
Let z(c) = c**3 - 14*c**2 - 74*c - 312. Determine z(18).
-348
Let n(o) = -235*o - 6654. Determine n(-30).
396
Let l(z) = -z**3 - 17*z**2 + 51*z + 514. Determine l(-18).
-80
Let q(j) = -3498137*j + 31483227. Calculate q(9).
-6
Let s(l) = l**3 + 10*l**2 + 108*l + 1093. Give s(-10).
13
Let z(i) = -4*i**3 - 5*i**2 + 15*i - 25. Calculate z(3).
-133
Let l(o) = o**3 - 11*o**2 - 17918*o + 214864. Determine l(12).
-8
Let h(x) = 377232*x + 3772305. What is h(-10)?
-15
Let n(o) = -33*o**2 - 1303*o + 1002. What is n(-40)?
322
Let u(l) = -64*l + 5475. Give u(48).
2403
Let k(c) = 25895*c + 6784477. Determine k(-262).
-13
Let r(a) = -879*a - 40333. What is r(-47)?
980
Let l(v) = -13377*v**2 - 668851*v - 60. What is l(-50)?
-10
Let l(y) = y**3 + 24*y**2 + 220*y + 2891. Calculate l(-24).
-2389
Let i(l) = -655*l + 108067. Determine i(165).
-8
Let o(x) = -2*x**3 + 176*x**2 + 35*x - 306. Give o(88).
2774
Let h(v) = -3*v**3 + 20*v**2 + 1550*v - 10891. Give h(7).
-90
Let q(y) = y**3 - 174*y**2 - 1274*y + 1255. Determine q(181).
-12
Let d(n) = -1